te the greatest common factor of 405 and 100.
5
Calculate the greatest common divisor of 50 and 2.
2
What is the greatest common factor of 1645 and 35?
35
What is the highest common factor of 31 and 62?
31
Calculate the highest common factor of 17 and 6443.
17
Calculate the greatest common factor of 19292 and 104.
52
What is the highest common factor of 33 and 264?
33
What is the greatest common factor of 9666 and 54?
54
What is the greatest common factor of 21 and 56?
7
What is the highest common divisor of 34 and 2?
2
What is the greatest common factor of 319 and 87?
29
What is the highest common factor of 21 and 105?
21
What is the highest common divisor of 195 and 52?
13
Calculate the greatest common factor of 2 and 61.
1
Calculate the highest common divisor of 124 and 13361.
31
What is the highest common divisor of 148 and 20572?
148
Calculate the highest common factor of 21 and 14.
7
What is the highest common divisor of 78 and 494?
26
Calculate the greatest common divisor of 308 and 21.
7
What is the highest common factor of 1772 and 8?
4
What is the highest common factor of 32 and 4168?
8
Calculate the highest common divisor of 5 and 13.
1
Calculate the highest common factor of 17811 and 9.
9
Calculate the greatest common factor of 1215 and 1305.
45
What is the greatest common factor of 48 and 5796?
12
What is the greatest common factor of 80 and 880?
80
What is the highest common factor of 294 and 5754?
42
Calculate the greatest common divisor of 8395 and 1610.
115
Calculate the highest common factor of 43320 and 120.
120
What is the greatest common divisor of 232 and 64?
8
What is the greatest common divisor of 38 and 779?
19
Calculate the highest common divisor of 98 and 10.
2
Calculate the highest common factor of 253 and 2484.
23
What is the greatest common divisor of 297 and 33?
33
What is the highest common factor of 2 and 2?
2
What is the greatest common divisor of 87 and 493?
29
Calculate the greatest common divisor of 164 and 4.
4
What is the highest common factor of 15876 and 147?
147
What is the greatest common factor of 6 and 102?
6
What is the highest common divisor of 4085 and 43?
43
Calculate the greatest common divisor of 5376 and 21.
21
Calculate the highest common divisor of 2 and 2.
2
What is the highest common factor of 700 and 140?
140
What is the highest common factor of 392 and 147?
49
What is the greatest common divisor of 35 and 20762?
7
Calculate the greatest common divisor of 4218 and 114.
114
Calculate the highest common factor of 84 and 189.
21
What is the highest common factor of 10 and 970?
10
What is the greatest common factor of 736 and 644?
92
What is the highest common factor of 428 and 4?
4
What is the greatest common divisor of 28 and 100?
4
Calculate the greatest common factor of 33 and 96.
3
What is the highest common factor of 38 and 608?
38
Calculate the highest common factor of 441 and 539.
49
Calculate the highest common factor of 387 and 1032.
129
What is the highest common divisor of 702 and 52?
26
What is the highest common factor of 2750 and 50?
50
Calculate the highest common divisor of 11270 and 460.
230
Calculate the greatest common factor of 4374 and 54.
54
Calculate the greatest common divisor of 276 and 36.
12
Calculate the greatest common divisor of 215 and 301.
43
What is the highest common factor of 11 and 5731?
11
Calculate the highest common divisor of 261 and 174.
87
What is the greatest common factor of 48 and 708?
12
Calculate the greatest common divisor of 81 and 90.
9
What is the greatest common factor of 3024 and 64?
16
What is the greatest common divisor of 429 and 195?
39
Calculate the highest common divisor of 36 and 168.
12
Calculate the highest common divisor of 11285 and 122.
61
What is the greatest common divisor of 816 and 5100?
204
Calculate the greatest common divisor of 15 and 7680.
15
What is the greatest common divisor of 896 and 128?
128
Calculate the highest common divisor of 242 and 22.
22
Calculate the highest common factor of 414 and 1449.
207
What is the highest common factor of 164 and 22099?
41
Calculate the highest common factor of 105 and 378.
21
What is the greatest common factor of 633 and 9917?
211
What is the highest common factor of 51 and 3162?
51
What is the greatest common divisor of 20 and 1460?
20
Calculate the greatest common factor of 506 and 44.
22
What is the highest common divisor of 3009 and 153?
51
What is the highest common divisor of 4 and 548?
4
Calculate the greatest common divisor of 27 and 1161.
27
Calculate the greatest common factor of 428 and 2247.
107
What is the greatest common divisor of 77 and 154?
77
Calculate the highest common divisor of 22058 and 807.
269
Calculate the highest common divisor of 20 and 16.
4
Calculate the highest common divisor of 13426 and 14.
14
What is the highest common divisor of 93 and 155?
31
What is the highest common factor of 273 and 42?
21
Calculate the greatest common divisor of 195 and 1105.
65
What is the greatest common divisor of 28 and 11158?
14
Calculate the highest common divisor of 12 and 59028.
12
Calculate the greatest common divisor of 248 and 93.
31
What is the greatest common factor of 28 and 98?
14
Calculate the greatest common divisor of 435 and 174.
87
What is the highest common divisor of 276 and 1817?
23
What is the greatest common divisor of 1156 and 34?
34
Calculate the greatest common factor of 37 and 925.
37
What is the highest common divisor of 2294 and 74?
74
Calculate the highest common divisor of 5265 and 234.
117
Calculate the highest common divisor of 35 and 112.
7
Calculate the highest common divisor of 80 and 160.
80
Calculate the highest common divisor of 45 and 1065.
15
Calculate the greatest common divisor of 2403 and 432.
27
Calculate the highest common factor of 240 and 15060.
60
Calculate the greatest common factor of 63 and 10731.
21
What is the highest common factor of 15 and 174?
3
What is the greatest common factor of 125 and 135?
5
Calculate the highest common factor of 7520 and 320.
160
Calculate the greatest common divisor of 21 and 39.
3
What is the greatest common divisor of 175 and 70?
35
What is the highest common factor of 196 and 343?
49
Calculate the highest common factor of 86679 and 9.
9
Calculate the highest common divisor of 1256 and 4553.
157
What is the highest common factor of 570 and 798?
114
Calculate the highest common factor of 731 and 187.
17
Calculate the highest common divisor of 160 and 130.
10
What is the highest common factor of 759 and 69?
69
Calculate the greatest common divisor of 777 and 18389.
259
What is the greatest common factor of 76 and 171?
19
What is the greatest common factor of 32 and 53056?
32
Calculate the greatest common factor of 5587 and 151.
151
What is the greatest common factor of 55 and 325?
5
What is the greatest common divisor of 4 and 972?
4
What is the greatest common divisor of 20 and 1090?
10
Calculate the highest common factor of 296 and 444.
148
Calculate the greatest common divisor of 8 and 56.
8
What is the greatest common factor of 1075 and 172?
43
Calculate the highest common divisor of 1104 and 69.
69
Calculate the greatest common divisor of 7 and 5446.
7
What is the greatest common factor of 25 and 20?
5
Calculate the highest common factor of 2035 and 1258.
37
Calculate the highest common divisor of 5946 and 6.
6
Calculate the highest common divisor of 624 and 240.
48
Calculate the greatest common divisor of 1072 and 2814.
134
What is the highest common divisor of 125 and 2450?
25
What is the greatest common divisor of 80 and 32?
16
What is the highest common divisor of 7 and 9646?
7
What is the greatest common factor of 410 and 164?
82
Calculate the greatest common divisor of 35319 and 61.
61
What is the greatest common divisor of 1716 and 468?
156
Calculate the highest common factor of 24 and 21504.
24
What is the greatest common divisor of 88 and 1804?
44
What is the highest common divisor of 468 and 252?
36
What is the greatest common factor of 16 and 1024?
16
Calculate the greatest common factor of 294 and 2457.
21
What is the highest common factor of 333 and 1702?
37
Calculate the greatest common factor of 624 and 78.
78
Calculate the highest common factor of 7999 and 38.
19
